[INFO] cloning repository https://github.com/Auguslan/citybound-master
[INFO] running `Command { std: "git" "-c" "credential.helper=" "-c" "credential.helper=/workspace/cargo-home/bin/git-credential-null" "clone" "--bare" "https://github.com/Auguslan/citybound-master" "/workspace/cache/git-repos/https%3A%2F%2Fgithub.com%2FAuguslan%2Fcitybound-master", kill_on_drop: false }`
[INFO] [stderr] Cloning into bare repository '/workspace/cache/git-repos/https%3A%2F%2Fgithub.com%2FAuguslan%2Fcitybound-master'...
[INFO] running `Command { std: "git" "rev-parse" "HEAD", kill_on_drop: false }`
[INFO] [stdout] 59dc981d5300b8d8d9c7f504243f0878992e883c
[INFO] building Auguslan/citybound-master against master#881c1ac408d93bb7adaa3a51dabab9266e82eee8 for issue-85264
[INFO] running `Command { std: "git" "clone" "/workspace/cache/git-repos/https%3A%2F%2Fgithub.com%2FAuguslan%2Fcitybound-master" "/workspace/builds/worker-2/source", kill_on_drop: false }`
[INFO] [stderr] Cloning into '/workspace/builds/worker-2/source'...
[INFO] [stderr] done.
[INFO] validating manifest of git repo https://github.com/Auguslan/citybound-master on toolchain 881c1ac408d93bb7adaa3a51dabab9266e82eee8
[INFO] running `Command { std: "/workspace/cargo-home/bin/cargo" "+881c1ac408d93bb7adaa3a51dabab9266e82eee8" "metadata" "--manifest-path" "Cargo.toml" "--no-deps", kill_on_drop: false }`
[INFO] started tweaking git repo https://github.com/Auguslan/citybound-master
[INFO] finished tweaking git repo https://github.com/Auguslan/citybound-master
[INFO] tweaked toml for git repo https://github.com/Auguslan/citybound-master written to /workspace/builds/worker-2/source/Cargo.toml
[INFO] crate git repo https://github.com/Auguslan/citybound-master already has a lockfile, it will not be regenerated
[INFO] running `Command { std: "/workspace/cargo-home/bin/cargo" "+881c1ac408d93bb7adaa3a51dabab9266e82eee8" "fetch" "--manifest-path" "Cargo.toml", kill_on_drop: false }`
[INFO] [stderr]  Downloading crates ...
[INFO] [stderr]   Downloaded glutin v0.6.2
[INFO] [stderr]   Downloaded core-graphics v0.3.2
[INFO] [stderr]   Downloaded ordered-float v0.3.0
[INFO] [stderr]   Downloaded gl_generator v0.5.2
[INFO] [stderr]   Downloaded tempfile v2.1.4
[INFO] [stderr]   Downloaded roaring v0.4.2
[INFO] [stderr]   Downloaded arrayvec v0.3.20
[INFO] [stderr]   Downloaded cocoa v0.3.3
[INFO] [stderr]   Downloaded syn v0.10.6
[INFO] [stderr]   Downloaded either v1.0.2
[INFO] [stderr]   Downloaded ncollide_math v0.5.0
[INFO] [stderr]   Downloaded wayland-client v0.5.12
[INFO] [stderr]   Downloaded itertools v0.5.8
[INFO] [stderr]   Downloaded wayland-scanner v0.5.11
[INFO] [stderr]   Downloaded ncollide_procedural v0.5.0
[INFO] [stderr]   Downloaded app_dirs v1.1.1
[INFO] [stderr]   Downloaded ncollide_geometry v0.2.0
[INFO] [stderr]   Downloaded nalgebra v0.9.0
[INFO] [stderr]   Downloaded backtrace-sys v0.1.5
[INFO] [stderr]   Downloaded xdg v2.0.0
[INFO] [stderr]   Downloaded android_glue v0.2.1
[INFO] [stderr]   Downloaded ole32-sys v0.2.0
[INFO] [stderr]   Downloaded backtrace v0.2.3
[INFO] [stderr]   Downloaded cgl v0.1.5
[INFO] [stderr]   Downloaded target_build_utils v0.1.2
[INFO] [stderr]   Downloaded libloading v0.3.1
[INFO] [stderr]   Downloaded gleam v0.2.30
[INFO] [stderr]   Downloaded wayland-sys v0.5.11
[INFO] [stderr]   Downloaded clippy_lints v0.0.106
[INFO] [stderr]   Downloaded ordered-float v0.2.3
[INFO] [stderr]   Downloaded x11-dl v2.12.0
[INFO] [stderr]   Downloaded wayland-kbd v0.3.6
[INFO] [stderr]   Downloaded xml-rs v0.3.5
[INFO] [stderr]   Downloaded ncollide_transformation v0.5.0
[INFO] [stderr]   Downloaded clippy v0.0.106
[INFO] [stderr]   Downloaded cfg-if v0.1.0
[INFO] [stderr]   Downloaded ncollide_utils v0.5.0
[INFO] [stderr]   Downloaded open v1.1.1
[INFO] [stderr]   Downloaded rustc-demangle v0.1.3
[INFO] [stderr]   Downloaded stb_truetype v0.2.0
[INFO] [stderr]   Downloaded serde v0.7.15
[INFO] [stderr]   Downloaded glium v0.15.0
[INFO] [stderr]   Downloaded toml v0.1.30
[INFO] running `Command { std: "docker" "create" "-v" "/var/lib/crater-agent-workspace/builds/worker-2/target:/opt/rustwide/target:rw,Z" "-v" "/var/lib/crater-agent-workspace/builds/worker-2/source:/opt/rustwide/workdir:ro,Z" "-v" "/var/lib/crater-agent-workspace/cargo-home:/opt/rustwide/cargo-home:ro,Z" "-v" "/var/lib/crater-agent-workspace/rustup-home:/opt/rustwide/rustup-home:ro,Z" "-e" "SOURCE_DIR=/opt/rustwide/workdir" "-e" "CARGO_TARGET_DIR=/opt/rustwide/target" "-e" "CARGO_HOME=/opt/rustwide/cargo-home" "-e" "RUSTUP_HOME=/opt/rustwide/rustup-home" "-w" "/opt/rustwide/workdir" "-m" "1610612736" "--user" "0:0" "--network" "none" "ghcr.io/rust-lang/crates-build-env/linux@sha256:20528e8c29e4536546f0102ce88568b16ea7538393a33fcca951030f7af10457" "/opt/rustwide/cargo-home/bin/cargo" "+881c1ac408d93bb7adaa3a51dabab9266e82eee8" "metadata" "--no-deps" "--format-version=1", kill_on_drop: false }`
[INFO] [stdout] 662e75a4993d4444a4101e08c69b798dec1124978e3cd599908fd3eecd491761
[INFO] [stderr] WARNING: Your kernel does not support swap limit capabilities or the cgroup is not mounted. Memory limited without swap.
[INFO] running `Command { std: "docker" "start" "-a" "662e75a4993d4444a4101e08c69b798dec1124978e3cd599908fd3eecd491761", kill_on_drop: false }`
[INFO] running `Command { std: "docker" "inspect" "662e75a4993d4444a4101e08c69b798dec1124978e3cd599908fd3eecd491761", kill_on_drop: false }`
[INFO] running `Command { std: "docker" "rm" "-f" "662e75a4993d4444a4101e08c69b798dec1124978e3cd599908fd3eecd491761", kill_on_drop: false }`
[INFO] [stdout] 662e75a4993d4444a4101e08c69b798dec1124978e3cd599908fd3eecd491761
[INFO] running `Command { std: "docker" "create" "-v" "/var/lib/crater-agent-workspace/builds/worker-2/target:/opt/rustwide/target:rw,Z" "-v" "/var/lib/crater-agent-workspace/builds/worker-2/source:/opt/rustwide/workdir:ro,Z" "-v" "/var/lib/crater-agent-workspace/cargo-home:/opt/rustwide/cargo-home:ro,Z" "-v" "/var/lib/crater-agent-workspace/rustup-home:/opt/rustwide/rustup-home:ro,Z" "-e" "SOURCE_DIR=/opt/rustwide/workdir" "-e" "CARGO_TARGET_DIR=/opt/rustwide/target" "-e" "CARGO_INCREMENTAL=0" "-e" "RUST_BACKTRACE=full" "-e" "RUSTFLAGS=--cap-lints=forbid" "-e" "CARGO_HOME=/opt/rustwide/cargo-home" "-e" "RUSTUP_HOME=/opt/rustwide/rustup-home" "-w" "/opt/rustwide/workdir" "-m" "1610612736" "--user" "0:0" "--network" "none" "ghcr.io/rust-lang/crates-build-env/linux@sha256:20528e8c29e4536546f0102ce88568b16ea7538393a33fcca951030f7af10457" "/opt/rustwide/cargo-home/bin/cargo" "+881c1ac408d93bb7adaa3a51dabab9266e82eee8" "build" "--frozen" "--message-format=json", kill_on_drop: false }`
[INFO] [stdout] ad76ac679d1a706e737caef5925430dd89b7c7f6048acf3a232a6058c76aecfd
[INFO] [stderr] WARNING: Your kernel does not support swap limit capabilities or the cgroup is not mounted. Memory limited without swap.
[INFO] running `Command { std: "docker" "start" "-a" "ad76ac679d1a706e737caef5925430dd89b7c7f6048acf3a232a6058c76aecfd", kill_on_drop: false }`
[INFO] [stderr]    Compiling libc v0.2.19
[INFO] [stderr]    Compiling num-traits v0.1.36
[INFO] [stderr]    Compiling phf_shared v0.7.20
[INFO] [stderr]    Compiling bitflags v0.7.0
[INFO] [stderr]    Compiling serde v0.8.21
[INFO] [stderr]    Compiling rustc-serialize v0.3.22
[INFO] [stderr]    Compiling itoa v0.1.1
[INFO] [stderr]    Compiling dtoa v0.2.2
[INFO] [stderr]    Compiling lazy_static v0.2.2
[INFO] [stderr]    Compiling winapi v0.2.8
[INFO] [stderr]    Compiling nom v1.2.4
[INFO] [stderr]    Compiling unicode-normalization v0.1.3
[INFO] [stderr]    Compiling semver v0.1.20
[INFO] [stderr]    Compiling khronos_api v1.0.0
[INFO] [stderr]    Compiling quine-mc_cluskey v0.2.4
[INFO] [stderr]    Compiling matches v0.1.4
[INFO] [stderr]    Compiling log v0.3.6
[INFO] [stderr]    Compiling unicode-xid v0.0.3
[INFO] [stderr]    Compiling quote v0.3.10
[INFO] [stderr]    Compiling lazy_static v0.1.16
[INFO] [stderr]    Compiling gcc v0.3.41
[INFO] [stderr]    Compiling crossbeam v0.2.10
[INFO] [stderr]    Compiling void v1.0.2
[INFO] [stderr]    Compiling backtrace v0.2.3
[INFO] [stderr]    Compiling odds v0.2.25
[INFO] [stderr]    Compiling byteorder v0.5.3
[INFO] [stderr]    Compiling cfg-if v0.1.0
[INFO] [stderr]    Compiling byteorder v0.4.2
[INFO] [stderr]    Compiling rustc-demangle v0.1.3
[INFO] [stderr]    Compiling smallvec v0.1.8
[INFO] [stderr]    Compiling random v0.12.2
[INFO] [stderr]    Compiling linked-hash-map v0.0.10
[INFO] [stderr]    Compiling either v1.0.2
[INFO] [stderr]    Compiling xdg v2.0.0
[INFO] [stderr]    Compiling fnv v1.0.5
[INFO] [stderr]    Compiling open v1.1.1
[INFO] [stderr]    Compiling kernel32-sys v0.2.2
[INFO] [stderr]    Compiling toml v0.1.30
[INFO] [stderr]    Compiling dbghelp-sys v0.2.0
[INFO] [stderr]    Compiling x11-dl v2.12.0
[INFO] [stderr]    Compiling unreachable v0.1.1
[INFO] [stderr]    Compiling xml-rs v0.3.5
[INFO] [stderr]    Compiling itertools v0.5.8
[INFO] [stderr]    Compiling phf v0.7.20
[INFO] [stderr]    Compiling syn v0.10.6
[INFO] [stderr]    Compiling rustc_version v0.1.7
[INFO] [stderr]    Compiling stb_truetype v0.2.0
[INFO] [stderr]    Compiling nodrop v0.1.8
[INFO] [stderr]    Compiling arrayvec v0.3.20
[INFO] [stderr]    Compiling app_dirs v1.1.1
[INFO] [stderr]    Compiling semver v0.2.3
[INFO] [stderr]    Compiling rand v0.3.15
[INFO] [stderr]    Compiling fs2 v0.2.5
[INFO] [stderr]    Compiling shared_library v0.1.5
[INFO] [stderr]    Compiling num-integer v0.1.32
[INFO] [stderr]    Compiling ordered-float v0.3.0
[INFO] [stderr]    Compiling ordered-float v0.2.3
[INFO] [stderr]    Compiling memmap v0.2.3
[INFO] [stderr]    Compiling osmesa-sys v0.1.2
[INFO] [stderr]    Compiling num-iter v0.1.32
[INFO] [stderr]    Compiling tempfile v2.1.4
[INFO] [stderr]    Compiling rusttype v0.2.1
[INFO] [stderr]    Compiling clippy_lints v0.0.106
[INFO] [stdout] error[E0557]: feature has been removed
[INFO] [stdout]  --> /opt/rustwide/cargo-home/registry/src/github.com-1ecc6299db9ec823/clippy_lints-0.0.106/src/lib.rs:5:12
[INFO] [stdout]   |
[INFO] [stdout] 5 | #![feature(custom_attribute)]
[INFO] [stdout]   |            ^^^^^^^^^^^^^^^^ feature has been removed
[INFO] [stdout]   |
[INFO] [stdout]   = note: removed in favor of `#![register_tool]` and `#![register_attr]`
[INFO] [stdout] 
[INFO] [stdout] 
[INFO] [stdout] error[E0463]: can't find crate for `syntax`
[INFO] [stdout]   --> /opt/rustwide/cargo-home/registry/src/github.com-1ecc6299db9ec823/clippy_lints-0.0.106/src/lib.rs:17:1
[INFO] [stdout]    |
[INFO] [stdout] 17 | extern crate syntax;
[INFO] [stdout]    | ^^^^^^^^^^^^^^^^^^^^ can't find crate
[INFO] [stdout] 
[INFO] [stdout] 
[INFO] [stdout] error: aborting due to 2 previous errors
[INFO] [stdout] 
[INFO] [stdout] 
[INFO] [stdout] Some errors have detailed explanations: E0463, E0557.
[INFO] [stdout] 
[INFO] [stdout] For more information about an error, try `rustc --explain E0463`.
[INFO] [stdout] 
[INFO] [stderr] error: could not compile `clippy_lints`
[INFO] [stderr] 
[INFO] [stderr] To learn more, run the command again with --verbose.
[INFO] [stderr] warning: build failed, waiting for other jobs to finish...
[INFO] [stdout] error[E0311]: the parameter type `K` may not live long enough
[INFO] [stdout]   --> /opt/rustwide/cargo-home/registry/src/github.com-1ecc6299db9ec823/rusttype-0.2.1/src/support/bst/map.rs:81:19
[INFO] [stdout]    |
[INFO] [stdout] 81 |             match node.force() {
[INFO] [stdout]    |                   ^^^^
[INFO] [stdout]    |
[INFO] [stdout] note: the parameter type `K` must be valid for the anonymous lifetime defined on the function body at 78:37...
[INFO] [stdout]   --> /opt/rustwide/cargo-home/registry/src/github.com-1ecc6299db9ec823/rusttype-0.2.1/src/support/bst/map.rs:78:37
[INFO] [stdout]    |
[INFO] [stdout] 78 |                 node: node::NodeRef<marker::Immut, K, V, marker::LeafOrInternal>)
[INFO] [stdout]    |                                     ^^^^^^^^^^^^^
[INFO] [stdout] 
[INFO] [stdout] 
[INFO] [stdout] error[E0311]: the parameter type `V` may not live long enough
[INFO] [stdout]   --> /opt/rustwide/cargo-home/registry/src/github.com-1ecc6299db9ec823/rusttype-0.2.1/src/support/bst/map.rs:81:19
[INFO] [stdout]    |
[INFO] [stdout] 81 |             match node.force() {
[INFO] [stdout]    |                   ^^^^
[INFO] [stdout]    |
[INFO] [stdout] note: the parameter type `V` must be valid for the anonymous lifetime defined on the function body at 78:37...
[INFO] [stdout]   --> /opt/rustwide/cargo-home/registry/src/github.com-1ecc6299db9ec823/rusttype-0.2.1/src/support/bst/map.rs:78:37
[INFO] [stdout]    |
[INFO] [stdout] 78 |                 node: node::NodeRef<marker::Immut, K, V, marker::LeafOrInternal>)
[INFO] [stdout]    |                                     ^^^^^^^^^^^^^
[INFO] [stdout] 
[INFO] [stdout] 
[INFO] [stdout] error: aborting due to 2 previous errors
[INFO] [stdout] 
[INFO] [stdout] 
[INFO] [stderr] error: build failed
[INFO] running `Command { std: "docker" "inspect" "ad76ac679d1a706e737caef5925430dd89b7c7f6048acf3a232a6058c76aecfd", kill_on_drop: false }`
[INFO] running `Command { std: "docker" "rm" "-f" "ad76ac679d1a706e737caef5925430dd89b7c7f6048acf3a232a6058c76aecfd", kill_on_drop: false }`
[INFO] [stdout] ad76ac679d1a706e737caef5925430dd89b7c7f6048acf3a232a6058c76aecfd
